
2
Let p be (0 - (-119)/35) + (-2)/5. Suppose p*r = 3*j + 5*r - 133, 0 = -3*j + 2*r + 149. What is the tens digit of j?
4
Let h(w) = -w**2 + 58*w + 121. What is the units digit of h(45)?
6
Let d(a) = 2*a**3 + 62*a**2 - 2*a + 24. What is the tens digit of d(-31)?
8
Let i be (-2)/((-6)/9) + -3. Suppose i = t + 2 - 6. Suppose -5*q + t*q = -36. What is the tens digit of q?
3
Let y(h) = 3*h - 10. Let j be y(4). Let g(o) = 97*o + 2. Let r be g(j). What is the tens digit of ((-6)/7)/((-7)/r)?
2
Let t(z) = -z**3 + 11*z**2 - 3*z + 11. Let y be t(9). Let h = y - 2. Suppose 4*m = -m - x + 164, 5*m = 4*x + h. What is the units digit of m?
2
Let r(i) = i - 1. Let z(o) = -4*o**2 + o. Let n(a) = -3*r(a) - z(a). Let b be n(2). Let h = b + -8. What is the units digit of h?
3
Let s be ((-6)/(-5))/((-9)/(-45)). Suppose -v + s*v = 25. Suppose 0 = v*d - 0*d - 210. What is the units digit of d?
2
Suppose 0 = 6*f - 5*f - 73. Let m = 102 - f. Suppose m = z + 4*k, -2*z + 2*k - 19 + 127 = 0. What is the tens digit of z?
4
What is the tens digit of (-77)/55*1*-1655?
1
Suppose 6 = j - 1. Suppose d - j = 5. Suppose 0 = -5*n - 4*b + 160, -3 = -3*b + d. What is the units digit of n?
8
Let w = -2 + 6. Suppose -4*q + 0*q + 244 = -w*t, -q + 36 = 4*t. What is the tens digit of q?
5
Let b(q) = q**2 - 11*q + 4. Let o be b(9). Let h(f) be the first derivative of -3*f**2/2 - 28*f + 36. What is the tens digit of h(o)?
1
What is the hundreds digit of 325 - (-28 - -29 - (-1 + 5))?
3
Suppose -5*f = -2*v - 483, 2*f + 0*v = v + 193. Let x = 183 - f. Suppose n = 3*n - x. What is the units digit of n?
3
Let m(v) = -2*v**3 - 4*v**2 - 2*v - 5. Suppose -3*x - 27 = 3*r, -2*r + 4*x - 8*x = 28. What is the units digit of m(r)?
7
What is the tens digit of ((-2)/(-9) - 57022/(-63))*3?
1
Let x be -3*(35/15 - 3). Let d = 13 + x. What is the tens digit of d?
1
Let f(s) = s + 2. Let w be f(-1). What is the units digit of w/(-2)*(-15 + 9)?
3
Suppose -5*z + 146 = p, 3*z + p - 35 - 51 = 0. Suppose 3*w = -d - 3, -2*w = 2*d - 0*w + 18. What is the units digit of d/(-5)*z/9?
8
Let d = 870 - 1. What is the units digit of d?
9
Let m be -93 + (-4 - -4) - -4. Let p = -44 - m. What is the units digit of p?
5
Suppose -13314 = -25*b + 4*b. What is the tens digit of b?
3
Let q = 12 + -72. What is the units digit of 2 + (2 + q)/(-1)?
0
Suppose -7*u - 1420 = -6222. What is the tens digit of u?
8
Let q(g) = 14*g + 137*g**2 - 129*g**2 + 0*g**3 - g**3. What is the units digit of q(8)?
2
Let d(o) = o - 4. Let y be d(6). Let a be (-30)/12*(-57 + 7). Suppose 0 = -y*r - 3*r + a. What is the tens digit of r?
2
Suppose 0 = 2*y - 3*d - 1213, y + 4*d - 55 - 535 = 0. What is the units digit of y?
2
Let h be 0/(-7 - (1 - 5)). Suppose h = -3*w - 12, -u - 3*u + w = -80. What is the units digit of u?
9
Let o(z) be the second derivative of z**3/3 + 13*z**2/2 - 6*z. Let w be o(-5). Let m(v) = 2*v**2 + 4*v - 7. What is the tens digit of m(w)?
2
What is the units digit of (-99 - -106) + 2761 + -1?
7
Suppose -16*l + 30627 = 25*l. What is the hundreds digit of l?
7
Let a(k) be the third derivative of 7*k**2 + 0 + 0*k + 7/6*k**3 - 1/24*k**4. What is the tens digit of a(-12)?
1
Let o be (-1)/(0 + -1 + (-4)/(-5)). Suppose 2*c + o*z - 397 = 0, -2*c + 6*c = 5*z + 809. What is the hundreds digit of c?
2
Let p be ((-18)/(-4))/(3/(-6)). Let z(y) = -y**2 - 14*y + 14. What is the tens digit of z(p)?
5
Let x(z) = 3*z**2 - 10*z - 9. Let l(c) = -c**2 + 3*c + 3. Let d(f) = -17*l(f) - 6*x(f). Let h be d(9). Let w = h + 11. What is the units digit of w?
4
Suppose -4*b - 3*n = -0*n - 42, 0 = 2*b + 4*n - 26. Let o be (-14)/(-3)*36/42. Suppose o*u = b*u - 95. What is the units digit of u?
9
Let u(z) = -z**3 + 5*z**2 + 8*z - 7. Let p be u(6). Suppose -815 = -p*b - w, -5*b - 2*w = -3*b - 318. What is the hundreds digit of b?
1
Let x(l) = 152*l**3 - 9*l**2 + 13*l + 2. What is the thousands digit of x(2)?
1
Suppose 96 = -5*x + x. Let h be (-2)/(-3) + 1288/x. What is the tens digit of h/((7 - 3) + -5)?
5
Suppose 15*c - 6795 = 12*c. What is the thousands digit of c?
2
Let v(t) = 7*t + 8. Let y(g) = -g**3 - 6*g**2 + 6*g - 3. Let f be y(-7). Let m be -1*(-1)/(1/f). What is the tens digit of v(m)?
3
Let n(r) = r**2 + 9*r + 8. Suppose -4*g - 2 = 38. What is the tens digit of n(g)?
1
Suppose 2*d + d - 9 = 0. Suppose -d*f = 3*a - 270, 2*f - 172 = a + a. What is the units digit of f?
8
Let y be ((-115)/69)/((2/3)/(-2)). Suppose -5*r + 623 = 2*f, 0*f + y*r + 289 = f. What is the units digit of f?
4
What is the hundreds digit of (9*-9)/(4/(-48))?
9
Let x(n) = -49*n - 41*n + 92*n + 67*n**2. What is the units digit of x(1)?
9
Let x(j) = 13*j**2 - 10*j - 270. What is the hundreds digit of x(-11)?
4
Suppose -5*q + 896 + 5159 = -5*a, 2*q + 2*a - 2438 = 0. What is the thousands digit of q?
1
Suppose -5*k - 3*b + 170 = 0, 5*k - 4*b = -2*b + 195. Let y = 44 + k. What is the units digit of y?
1
Suppose -2*q + 4959 = 7*q. What is the units digit of q?
1
Let m(y) = -7*y**3 - 9*y**2 + 11. Let r(c) = c**3 + c**2 + c - 1. Let v(d) = m(d) + 6*r(d). Suppose 0*f - 2*f - 10 = 0. What is the units digit of v(f)?
5
Let l(k) = k**2 - 28*k - 77. What is the units digit of l(32)?
1
Let c(z) = -2*z - 10. Let n be c(-7). Let u = -8 - n. What is the units digit of 7*(u/(-14) + 0)?
6
Let o be 12 + 0/2 + -1. Let k = -4 + o. Suppose -4*h + k*h = 75. What is the tens digit of h?
2
Let w = 18 + -14. What is the tens digit of (-2 + w + 195)/1?
9
Let k(s) = -s**2 + 11*s - 15. Let h be k(7). Suppose -8*d = -h*d + 305. What is the units digit of d?
1
Suppose -t = 5*l - 22, 0*l + 2*l + 8 = 0. Suppose -3*f + 3*o + t = 0, 2*f + o + 2*o - 3 = 0. Let v = 14 - f. What is the units digit of v?
5
Let j(n) = -2*n**2 + 2*n - 6. Let s be j(-4). Let m = s + 55. What is the units digit of m?
9
Let q = -1097 + 2513. What is the thousands digit of q?
1
Let u(d) = 2 + d - 2 - 5. Let c be u(6). What is the units digit of (7 - -2) + c/1?
0
Let m(l) = -12*l + 7. Suppose 3*h + 4*q + 2 = 0, 4*h + 32 - 76 = 4*q. Let s be m(h). Let d = -44 - s. What is the tens digit of d?
2
Let q(c) = c**3 + 2*c**2 + 9*c - 41. What is the thousands digit of q(10)?
1
Let t(l) = l**3 - l**2 - 8*l + 3. Let z be t(3). Let w = z + 77. What is the tens digit of w?
7
Let s = 450 - -198. What is the hundreds digit of s?
6
Let q(d) = 126*d**3 - 3*d**2 + 2*d. Let s be q(1). Let z = s + 22. What is the units digit of z?
7
Let s(f) = 2*f + 1. Let p be s(-4). Let z(w) = w**3 + 6*w**2 - 9*w - 9. Let u be z(p). Let t = 11 + u. What is the units digit of t?
6
Suppose -5*l + 10 = 0, -6*g + 3*g - l + 8 = 0. Let v be -4 + (8/g - 0). What is the units digit of -3 + v - 0 - -41?
8
Let j(y) = -y**2 - 6*y + 6. Let b be j(3). Let w = -6 - b. What is the tens digit of 600/w - (-1 - -3)?
3
Let a(x) = -3*x**3 + 2*x**2 + 5*x + 14. Let i(b) = -b - 1. Let u(n) = a(n) + 5*i(n). What is the units digit of u(-3)?
8
Let j(y) = -y**2 + y - 7. Let u be j(-9). What is the hundreds digit of 4 + (4 - 4 - u)?
1
Let c(v) = 10*v**2 - 7*v + 122. What is the tens digit of c(13)?
2
Let r(x) = 4*x**2 + 4*x + 30. Let v(c) = c**2 + c + 1. Let y(a) = -r(a) + 5*v(a). What is the units digit of y(-11)?
5
Suppose -3*h - 6*s + 8*s = -2348, 4*s = h - 786. What is the tens digit of h?
8
Let g(l) = 211*l - 102. What is the hundreds digit of g(8)?
5
Let c = 36 + -78. Let d(y) = -7*y + 174. Let u be d(15). Let v = c + u. What is the tens digit of v?
2
Let b(r) be the third derivative of r**5/30 - 5*r**4/24 - 7*r**3/3 + 4*r**2 - 2*r. What is the units digit of b(10)?
6
Let x(v) = v**3 - v**2 + 3*v - 5. Let k be x(2). Suppose 0 = -0*a + k*a + 3*i + 1585, -5*i = 0. What is the units digit of (-6)/(-33) + a/(-11)?
9
Let u(i) = 10*i**2 - 7*i. What is the units digit of u(3)?
9
Let l(v) = 1. Let g(f) = 6*f - 10. Let t(p) = g(p) + 6*l(p). Let d be t(2). What is the units digit of (44/d - 2)*10?
5
Suppose 4*y - 132 = 304. Let v = y - 50. What is the tens digit of v?
5
Suppose 0 = 15*l + 2362 - 7297. What is the hundreds digit of l?
3
Suppose m + 0*m = -5*t - 143, t - 173 = m. Let x = -154 - m. What is the units digit of x?
4
What is the tens digit of (-3682)/(-8) - (195/(-20) + 10)?
6
Suppose 17*a = 13*a + 36. Suppose 2*b - a = 1. Suppose 0*d - 75 = -b*d. What is the tens digit of d?
1
Let n = -2210 + 33